{"id":12,"date":"2011-03-16T15:28:10","date_gmt":"2011-03-16T15:28:10","guid":{"rendered":"http:\/\/www.geographische-gesellschaft-leipzig.de\/?page_id=12"},"modified":"2022-02-10T16:50:05","modified_gmt":"2022-02-10T16:50:05","slug":"mitgliedschaft","status":"publish","type":"page","link":"https:\/\/www.geographische-gesellschaft-leipzig.de\/?page_id=12","title":{"rendered":"Mitgliedschaft"},"content":{"rendered":"<p><strong>Werden Sie Mitglied!<\/strong><br \/>\nSeit 1861 vermittelt die Geographische Gesellschaft zu Leipzig einschlie\u00dflich ihrer Vorg\u00e4ngereinrichtungen geographisches Wissen \u00fcber die Welt \u2013 jederzeit aktuell, aus erster Hand aufbereitet, spannend pr\u00e4sentiert. Mit Ihrer Mitgliedschaft f\u00f6rdern Sie unsere Arbeit und genie\u00dfen gleichzeitig viele Vorteile: freier Eintritt zu allen Vortragsveranstaltungen, Erm\u00e4\u00dfigungen bei Exkursionsbetr\u00e4gen, Verg\u00fcnstigungen bei der Anmeldung zum <em>Deutschen Kongress f\u00fcr Geographie<\/em> und anderes mehr.<\/p>\n<p><strong>Beitrittserkl\u00e4rung<br \/>\n<\/strong>Die Beitrittserkl\u00e4rung kann hier herunter geladen werden <strong>(<a title=\"Beitrittserkl\u00e4rung Geographische Gesellschaft zu Leipzig e.V.\" href=\"http:\/\/www.geographische-gesellschaft-leipzig.de\/wp-content\/uploads\/2022\/02\/GGzL-Beitrittserklaerung.pdf\" target=\"_blank\">GGzL-Beitrittserklaerung.pdf<\/a>, 32 kBytes)<\/strong>. Einfach ausf\u00fcllen, den Beitrag \u00fcberweisen und das Formular per Post oder E-Mail an uns senden.<br \/>\nDie\u00a0<strong>Satzung<\/strong> der Geographischen Gesellschaft zu Leipzig e.V. finden sie hier\u00a0(<strong><a title=\"Satzung\" href=\"wp-content\/uploads\/2012\/02\/satzung.pdf\" target=\"_blank\">Satzung.pdf<\/a>, 535 kBytes<\/strong>)<\/p>\n<p><strong>Mitgliedsbeitrag<br \/>\n<\/strong>Gem\u00e4\u00df des einstimmigen Beschlusses der Mitgliederversammlung vom 14.12.2004 betr\u00e4gt der Mitgliedsbeitrag <strong>20 Euro f\u00fcr regul\u00e4re Mitglieder<\/strong> und <strong>10 Euro f\u00fcr Erm\u00e4\u00dfigungsberechtigte<\/strong> (Sch\u00fclerIn \/ StudentIn \/ RentnerIn \/ ohne Besch\u00e4ftigung \/ EhepartnerIn Mitglied). Der Mitgliedsbeitrag ist <strong>j\u00e4hrlich bis zum 31. M\u00e4rz f\u00e4llig<\/strong> und aufgrund der anerkannten Gemeinn\u00fctzigkeit unseres Vereins steuerlich absetzbar.<\/p>\n<p>Sie k\u00f6nnen den Mitgliedsbeitrag beim Schatzmeister, Herrn Dirk H\u00e4nsgen, bar bezahlen oder auf das Konto der Geographischen Gesellschaft \u00fcberweisen. Der Vorstand empfiehlt Ihnen als kontinuierliche L\u00f6sung aufgrund der hohen Lastschriftgeb\u00fchren und zur Reduzierung des Verwaltungsaufwandes f\u00fcr den Verein, einen Dauerauftrag einzurichten.<\/p>\n<p><strong>Bankverbindung<br \/>\n<\/strong>F\u00fcr Mitgliedsbeitr\u00e4ge und Spenden erfragen Sie bitte die Bankverbindung bei unserem Schatzmeister bzw. entnehmen Sie die n\u00f6tigen Angaben Ihren Anmeldeunterlagen.<br \/>\n<strong><\/strong><\/p>\n","protected":false},"excerpt":{"rendered":"<p>Werden Sie Mitglied! Seit 1861 vermittelt die Geographische Gesellschaft zu Leipzig einschlie\u00dflich ihrer Vorg\u00e4ngereinrichtungen geographisches Wissen \u00fcber die Welt \u2013 jederzeit aktuell, aus erster Hand aufbereitet, spannend pr\u00e4sentiert. Mit Ihrer Mitgliedschaft f\u00f6rdern Sie unsere Arbeit und genie\u00dfen gleichzeitig viele Vorteile: &hellip; <a href=\"https:\/\/www.geographische-gesellschaft-leipzig.de\/?page_id=12\">Continue reading <span class=\"meta-nav\">&rarr;<\/span><\/a><\/p>\n","protected":false},"author":1,"featured_media":0,"parent":0,"menu_order":4,"comment_status":"closed","ping_status":"closed","template":"","meta":{"footnotes":""},"class_list":["post-12","page","type-page","status-publish","hentry"],"_links":{"self":[{"href":"https:\/\/www.geographische-gesellschaft-leipzig.de\/index.php?rest_route=\/wp\/v2\/pages\/12"}],"collection":[{"href":"https:\/\/www.geographische-gesellschaft-leipzig.de\/index.php?rest_route=\/wp\/v2\/pages"}],"about":[{"href":"https:\/\/www.geographische-gesellschaft-leipzig.de\/index.php?rest_route=\/wp\/v2\/types\/page"}],"author":[{"embeddable":true,"href":"https:\/\/www.geographische-gesellschaft-leipzig.de\/index.php?rest_route=\/wp\/v2\/users\/1"}],"replies":[{"embeddable":true,"href":"https:\/\/www.geographische-gesellschaft-leipzig.de\/index.php?rest_route=%2Fwp%2Fv2%2Fcomments&post=12"}],"version-history":[{"count":21,"href":"https:\/\/www.geographische-gesellschaft-leipzig.de\/index.php?rest_route=\/wp\/v2\/pages\/12\/revisions"}],"predecessor-version":[{"id":155,"href":"https:\/\/www.geographische-gesellschaft-leipzig.de\/index.php?rest_route=\/wp\/v2\/pages\/12\/revisions\/155"}],"wp:attachment":[{"href":"https:\/\/www.geographische-gesellschaft-leipzig.de\/index.php?rest_route=%2Fwp%2Fv2%2Fmedia&parent=12"}],"curies":[{"name":"wp","href":"https:\/\/api.w.org\/{rel}","templated":true}]}}