{"id":595,"date":"2015-02-16T10:56:07","date_gmt":"2015-02-16T10:56:07","guid":{"rendered":"http:\/\/www.geographische-gesellschaft-leipzig.de\/?page_id=595"},"modified":"2026-01-20T06:50:07","modified_gmt":"2026-01-20T06:50:07","slug":"exkursionen-2019","status":"publish","type":"page","link":"https:\/\/www.geographische-gesellschaft-leipzig.de\/?page_id=595","title":{"rendered":"vor Ort \/ Exkursionen"},"content":{"rendered":"<h2><span style=\"color: #008000;\">EXKURSIONEN<\/span><\/h2>\n<p>F\u00fcr die Anmeldung zu den Exkursionen und weitere Anfragen nutzen Sie bitte unsere Mailadresse: <em>info[at]geographische-gesellschaft-leipzig.de<\/em><\/p>\n\n\n<p><em>EXKURSION (ZU FUSS)<\/em><br><strong>DDR-Architektur in Leipzig \u2013 ein Bauerbe im Wandel<\/strong><br><em>Leitung: Arnold Bartetzky<br>7. Mai 2026<br>16:00 bis ca. 19:00 | Anmeldung bis 23.04.26 an: info@geographische-gesellschaft-leipzig.de<\/em><\/p>\n\n\n\n<p>Weite Teile Leipzigs haben in der DDR-Zeit ihre architektonische Pr\u00e4gung erhalten. Seit den 1990er Jahren ist dieses Bauerbe in rapidem Schwund begriffen. Zahlreiche Geb\u00e4ude wurden abgerissen, andere so grundlegend umgestaltet, dass sie kaum wiederzuerkennen sind. Doch der Umgang mit der DDR-Architektur in Leipzig ist nicht nur eine Verlustgeschichte. Es gibt auch erfolgreiche Sanierungen und Umnutzungen, vor allem ist das Interesse an der Architektur der DDR stark gestiegen. Auf unserem rund dreist\u00fcndigen Rundgang erkunden wir ein Bauerbe im Wandel \u2013 vom Augustusplatz und Markt \u00fcber den Matth\u00e4ikirchhof und das Kolonnadenviertel bis zum Gel\u00e4nde der einstigen Deutschen Hochschule f\u00fcr K\u00f6rperkultur (DHfK) im Westen der Stadt.<\/p>\n\n\n\n<p><strong>Prof. Dr. Arnold Bartetzky<\/strong> leitet die Abteilung \u201eKultur und Imagination\u201c am Leibniz-Institut f\u00fcr Geschichte und Kultur des \u00f6stlichen Europa (GWZO) und ist Honorarprofessor f\u00fcr Kunstgeschichte an der Universit\u00e4t Leipzig.<\/p>\n\n\n\n<p><em>EXKURSION (BUS)<\/em><br><strong>Architektonische Besonderheiten in der Oberlausitz<\/strong><br><em>Leitung: Astrid K\u00e4hler-G\u00f6ring<\/em><br><em>13. Juni 2026<br>08:00\u201319:30 | Anmeldung bis 22.05.26 an: info@geographische-gesellschaft-leipzig.de<\/em><\/p>\n\n\n\n<p>Die Oberlausitz verf\u00fcgt \u00fcber eine beeindruckende Architekturvielfalt. Bei der Exkursion werden zwei stilpr\u00e4gende Architekturst\u00e4tten besucht. Vormittags besichtigen wir das Rittergut Schirgiswalde-Kirschau, welches im 19. Jahrhundert zum sommerlichen Bischofssitz umgebaut wurde. Der Bischof lie\u00df sich 1838 drei Zimmer mit bemalten Tapeten einrichten. Bei einer F\u00fchrung erfahren wir, was die Wandtapete \u201eLe Brasil\u201c mit den Erlebnissen des deutschen Malers und Forschungsreisenden Moritz Rugandas (1802\u20131858) zu tun hat. Am Nachmittag steht das Haus Schminke in L\u00f6bau auf dem Programm. Dieses z\u00e4hlt zu den weltweit bedeutendsten Wohnh\u00e4usern der klassischen Moderne.<\/p>\n\n\n\n<p><strong>Astrid K\u00e4hler-G\u00f6ring<\/strong> unterrichtet Geografie und Mathematik an verschiedenen Leipziger Gymnasien.<\/p>\n\n\n\n<p><em>EXKURSION (BAHN\/\u00d6PNV)<\/em><br><strong>Was bleibt von der Europ\u00e4ischen Kulturhauptstadt 2025? Eine Spurensuche in Chemnitz<\/strong><br><em>Leitung: Katja Manz<br>5. September 2026<br>9:30 bis ca. 16:00 | Anmeldung bis 01.08.26 an: info@geographische-gesellschaft-leipzig.de<\/em><\/p>\n\n\n\n<ol start=\"5\" class=\"wp-block-list\"><\/ol>\n\n\n\n<p>Als Chemnitz 2020 zur Europ\u00e4ischen Kulturhauptstadt gek\u00fcrt wurde waren die Reaktionen teils eher skeptisch: Chemnitz Kulturhauptstadt? Die Exkursion gibt Einblicke in den Prozess der Kulturhauptstadt Europas 2025 \u2013 von der Bewerbung \u00fcber die Umsetzung bis zu den Nachwirkungen. Dabei werden Orte aufgesucht, die in diesem Prozess im Fokus standen und (weiter)entwickelt wurden. Wir blicken zur\u00fcck auf ein Jahr voller Erwartungen, Hoffnungen und Ereignisse und fragen nach dem was bleibt und was sich ver\u00e4ndert hat. Am Nachmittag wird es einen audiovisuellen Rundgang \u00fcber den Chemnitzer Sonnenberg geben.<\/p>\n\n\n\n<p><strong>Katja Manz<\/strong> ist (Stadt-)Geographin und lebt seit 2009 in Chemnitz. Sie forscht an der Schnittstelle von Wissenschaft und Kunst und hat den Prozess zur Kulturhauptstadt stellenweise begleitet. Seit 2025 ist sie als Kuratorin am Leibniz-Institut f\u00fcr L\u00e4nderkunde t\u00e4tig.<\/p>\n","protected":false},"excerpt":{"rendered":"<p>EXKURSIONEN F\u00fcr die Anmeldung zu den Exkursionen und weitere Anfragen nutzen Sie bitte unsere Mailadresse: info[at]geographische-gesellschaft-leipzig.de EXKURSION (ZU FUSS)DDR-Architektur in Leipzig \u2013 ein Bauerbe im WandelLeitung: Arnold Bartetzky7. Mai 202616:00 bis ca. 19:00 | Anmeldung bis 23.04.26 an: info@geographische-gesellschaft-leipzig.de Weite &hellip; <a href=\"https:\/\/www.geographische-gesellschaft-leipzig.de\/?page_id=595\">Continue reading <span class=\"meta-nav\">&rarr;<\/span><\/a><\/p>\n","protected":false},"author":2,"featured_media":0,"parent":95,"menu_order":1,"comment_status":"closed","ping_status":"closed","template":"","meta":{"footnotes":""},"class_list":["post-595","page","type-page","status-publish","hentry"],"_links":{"self":[{"href":"https:\/\/www.geographische-gesellschaft-leipzig.de\/index.php?rest_route=\/wp\/v2\/pages\/595"}],"collection":[{"href":"https:\/\/www.geographische-gesellschaft-leipzig.de\/index.php?rest_route=\/wp\/v2\/pages"}],"about":[{"href":"https:\/\/www.geographische-gesellschaft-leipzig.de\/index.php?rest_route=\/wp\/v2\/types\/page"}],"author":[{"embeddable":true,"href":"https:\/\/www.geographische-gesellschaft-leipzig.de\/index.php?rest_route=\/wp\/v2\/users\/2"}],"replies":[{"embeddable":true,"href":"https:\/\/www.geographische-gesellschaft-leipzig.de\/index.php?rest_route=%2Fwp%2Fv2%2Fcomments&post=595"}],"version-history":[{"count":72,"href":"https:\/\/www.geographische-gesellschaft-leipzig.de\/index.php?rest_route=\/wp\/v2\/pages\/595\/revisions"}],"predecessor-version":[{"id":2146,"href":"https:\/\/www.geographische-gesellschaft-leipzig.de\/index.php?rest_route=\/wp\/v2\/pages\/595\/revisions\/2146"}],"up":[{"embeddable":true,"href":"https:\/\/www.geographische-gesellschaft-leipzig.de\/index.php?rest_route=\/wp\/v2\/pages\/95"}],"wp:attachment":[{"href":"https:\/\/www.geographische-gesellschaft-leipzig.de\/index.php?rest_route=%2Fwp%2Fv2%2Fmedia&parent=595"}],"curies":[{"name":"wp","href":"https:\/\/api.w.org\/{rel}","templated":true}]}}